it of o?
1
Let y = -96805 - -138565. What is the units digit of y?
0
Let m(q) = -q**2 + 30*q - 123. Let u be m(25). Suppose -4*t = 11*o - 16*o - 3621, -u*t - 4*o + 1804 = 0. What is the hundreds digit of t?
9
Let g(q) = q**3 + 7*q**2 + 8*q + 3. Suppose -5*c + 10 = 30. Let h be g(c). Suppose -18*u = -h*u + 123. What is the units digit of u?
3
Suppose -o - x = x - 30897, -30899 = -o - 4*x. What is the thousands digit of o?
0
Let r = 5245 + -1405. Suppose 12*f = 2*f + r. What is the tens digit of f?
8
Let r = 1307 + -3160. Let h = -992 - r. What is the hundreds digit of h?
8
Suppose -3*d - 13 = f, -4*d = 4*f + 9 + 3. Let v = 1409 - 597. Suppose i = 6*i - l - 816, 5*i - f*l = v. What is the hundreds digit of i?
1
Suppose -5*l - 86 = -81. What is the units digit of l/(((-2)/(-6))/(1136/(-24)))?
2
Let z(i) = -2094*i + 1032. What is the thousands digit of z(-6)?
3
Let b be (-2 + -4 + 9)*1/3. Let d be b*(-2 - 1 - (-40)/8). Suppose 21 = d*q - 367. What is the tens digit of q?
9
Let t = 37 + -44. What is the tens digit of (-4 - t) + (0/3 - -247)?
5
What is the tens digit of 244/(-2074) + (-73102)/(-17)?
0
Suppose 2*x - 2*z - 31448 = 0, 1190*x = 1195*x + 2*z - 78641. What is the units digit of x?
7
Let y(s) = s**2 - 23*s - 56. Let i be y(16). What is the units digit of (4 + i/16)/(1/(-66))?
9
What is the units digit of ((-7039)/6)/(((-3582)/(-540))/(-199))?
5
Let h(t) = 3263*t**2 - 127*t - 472. What is the ten thousands digit of h(-5)?
8
Suppose 87*j - 130104 = 61*j. What is the units digit of j?
4
Let d be (2 - 4)/((-3)/(-1) + -2). What is the tens digit of d/13 - 44946/(-117)?
8
Let h(z) = -10*z**2 + 3*z. Let n be h(-3). Let y = n + 319. Suppose 0 = -3*i + 8*i - y. What is the tens digit of i?
4
Let r be (-3)/(-18) + 4/(-24). Suppose -13*v + 11*v + 1104 = r. What is the hundreds digit of v?
5
Let m = -104 - -58. Let q = 83 + m. What is the units digit of q + 2 + -6 - -4?
7
What is the tens digit of (507/(-26))/(7/(-2072))?
7
Let q = 16275 - 8704. What is the units digit of q?
1
Suppose -3*w = s - 14, -4*s + 6*s = -w + 13. What is the units digit of 2274/3 + w - (-2 + 2)?
1
Let v = 59883 - 24809. What is the ten thousands digit of v?
3
Suppose 75*z - 78*z = -1170. Suppose z + 522 = 3*u. What is the tens digit of u?
0
Suppose -21065 = -55*g + 53*g - 3*j, -g = -j - 10515. What is the hundreds digit of g?
5
Let b(x) = -4115*x + 171. What is the thousands digit of b(-3)?
2
Suppose 66189 = u + 4*y, 0 = -3*u - 611*y + 606*y + 198588. What is the hundreds digit of u?
2
Let z = 82 + -79. Suppose -k + z*k = 786. Suppose 5*g - k = 42. What is the tens digit of g?
8
Let f = 33689 + -23180. What is the ten thousands digit of f?
1
Suppose 0 = -0*s + 2*s - 10. Suppose 184 = 4*q - t - 1221, 1745 = 5*q - s*t. Suppose 6*v - q = 2*v. What is the units digit of v?
8
Suppose -3*v = -913 - 842. Let d = v + -207. Let o = d + -174. What is the units digit of o?
4
Let z(f) = -14*f**2 - 30*f + 119. Let b be z(4). Let i = b + 988. What is the units digit of i?
3
Let h(b) = -b**3 + 18*b**2 + 23*b - 319. What is the units digit of h(7)?
1
Suppose 3*m + 2*j - 29454 = 0, m - 4*j = 1822 + 7996. What is the hundreds digit of m?
8
Let f = 15 + -104. Let s = 91 + f. Suppose s*u = 5*u - 645. What is the units digit of u?
5
Suppose -2*b = 3*o, 4*b - 5*o - 4 + 48 = 0. What is the units digit of -2 + b + 6 + 252?
0
Suppose -36*a + 239928 = -175692. What is the units digit of a?
5
Let q(m) = 12*m - 24. Let f be (0 - (-8)/2) + 1. Suppose -2*g - 18 = -f*g. What is the units digit of q(g)?
8
Suppose 4 = -4*u, -5*u = -5*l - 2*u - 22. Let m(i) = i + 3. Let v be m(l). What is the tens digit of (-4)/v + -3 + 4 - -96?
9
Let a = 96 + -272. Let w = 433 + a. What is the hundreds digit of w?
2
Let z = -82 - -47. What is the tens digit of (-4)/7 + 6 + (-10100)/z?
9
Suppose 3*o - a = -62 - 93, -3*a + 153 = -3*o. Let q = o + 60. Suppose -r - q = 4*c - 120, 4*c - 3*r - 112 = 0. What is the tens digit of c?
2
Let l = 248 + -246. What is the tens digit of l/(0 + 14/3521)?
0
Let w = 4 - -1. Suppose 0 = -4*k - 20, -2*z + w*z = 4*k + 479. Suppose -4*u + y = -325 + 106, 0 = -3*u - 3*y + z. What is the tens digit of u?
5
Suppose 27*o + 1620 = -3*o. What is the units digit of (52/(-6))/(9/o)?
2
Suppose 3*d + 194403 = 4*k, -5*k = 5*d - 371180 + 128115. What is the ten thousands digit of k?
4
Let u be 1*-35*(-1 + 6/3). Let h be 250/9 + (-18)/(-81). Let o = h - u. What is the units digit of o?
3
Let l be (1 + 0)*2/(-1). Let a(j) = j**2 - 23. Let v(r) = -r**2 - 2*r - 45. Let m(f) = 2*a(f) - v(f). What is the units digit of m(l)?
7
Let o(f) = 8*f**2 - 38*f + 171. What is the hundreds digit of o(13)?
0
Let y(b) = 43*b - 4. Suppose 2*s - 11 - 5 = 0. Suppose -32 = -8*z - s. What is the tens digit of y(z)?
2
Suppose 38 = -11*j - 215. Let l(z) = -25*z - 221. What is the units digit of l(j)?
4
Let n = 1155 - 211. Suppose 9*t - 13*t + 4*j = -n, -t + 224 = 3*j. What is the hundreds digit of t?
2
What is the thousands digit of 1/(5/((-15)/4)) - (-74412)/16?
4
Suppose 4*w = 3*l - 79643, -16*l = -11*l - 4*w - 132717. What is the hundreds digit of l?
5
Suppose 0*y - 4*y + 4*w + 1032 = 0, 3*w + 1284 = 5*y. Let s = -399 - -233. Let i = y + s. What is the units digit of i?
9
Let c(r) = -24 - 24 - 4*r - 29 + 67. Let o be c(-3). Suppose -o*i - 1095 = -7*i. What is the hundreds digit of i?
2
Suppose -3752 = -4*y + 2*m - 5*m, y + 2*m - 933 = 0. Suppose -y = -4*i - 281. Suppose -5*v = k + 4*k - i, 5*v - 4*k = 201. What is the tens digit of v?
3
Suppose -14*m - 5*m + 242787 = 64453. What is the units digit of m?
6
Let s(o) = 2*o**2 + 5*o - 13. Let p be s(4). Let c be 0 + 0 + -8*p/6. Let h = c + 93. What is the units digit of h?
1
Let r(q) = 4*q**2 + 2*q - 9. Let k be r(2). Suppose 0*s - 62 = 2*s. Let c = k - s. What is the units digit of c?
2
Let o be (9 - 5)/((-4)/(-242)). Suppose 4*c + o = q, -q - q = -2*c - 124. Let t = c + 100. What is the units digit of t?
0
Let x(v) = 9*v**2 + 3*v - 3. Suppose 23*k - 20*k = -3. Let z be 1/4 - ((-15)/(-12) - k). What is the tens digit of x(z)?
2
Let w(h) = -17*h + 18. Let c = -54 - -49. Let t be w(c). Let m = t + 98. What is the units digit of m?
1
Suppose -5*h + 8*o = -60787, -4*h + 31*o - 28*o = -48633. What is the tens digit of h?
5
Suppose 2*c - 31 = 5*d, -14 = 2*c - 0*d + 4*d. Suppose -1 = -5*z - 4*i, c*i - i - 8 = 0. What is the units digit of (119 - 1)*(z + 1)/(-4)?
9
Let m(y) = 787*y**2 - 372*y + 54. What is the tens digit of m(9)?
5
Suppose -28*r + 16*r - 5*b = -352344, 5*r = 5*b + 146810. What is the hundreds digit of r?
3
Let r(q) = 375 - 5*q - 363 + 62*q. What is the hundreds digit of r(7)?
4
Let f(s) = 1511*s - 422. What is the tens digit of f(3)?
1
Let i(w) = w**2 + 2*w + 67. Let z be (-2 + 1 + 1)/(-3). What is the units digit of i(z)?
7
Suppose 88 = 5*h - 32. Let f = 71 + h. What is the tens digit of f?
9
Suppose 33 = -4*b + 5*b. Let m = -18 + b. Suppose -2*n + 175 = -m. What is the tens digit of n?
9
Suppose -236*j = -23*j - 750825. What is the units digit of j?
5
Let a(x) = 9160*x + 1668. What is the ten thousands digit of a(2)?
1
Let w(i) = 58*i + 11. Let f be w(-4). Let d = 538 + f. Suppose 3*g + d = 2*r, 3*g = -4*r - 218 + 825. What is the hundreds digit of r?
1
Suppose 0 = -114*k + 71*k + 1387266. What is the ten thousands digit of k?
3
Suppose 4*y + 6*s - s = 129, 0 = 2*y + 4*s - 60. Suppose -m = 3*c - 119, -5*c + 2*m = -65 - 148. Suppose -c*x = -y*x - 345. What is the units digit of x?
9
Let z = -169 - -963. Let h = -509 + z. What is the units digit of h?
5
Let c = -971 - -4907. Let r be c/40*(-20)/(-6). Let w = -126 + r. What is the units digit of w?
2
Let p(l) = -79*l - 325. Let w(s) = -39*s - 161. Let k(m) = -3*p(m) + 7*w(m). What is the hundreds digit of k(-28)?
8
Let w = 154 - 154. Suppose 5*d - j = d + 1432, -4*d - 3*j + 1432 = w. What is the hundreds digit of d?
3
Suppose -8*d + 88516 = -12804. What is the hundreds digit of d?
6
Suppose 20*v + 2635 = 25*v. Let y = -363 + v. What is the tens digit of y?
6
Suppose -t + 27377 = 5*c, 4*c + c = -3*t + 27381. Suppose -12*f = 795 - c. What is the tens digit of f?
9
Suppose 9*r + 15225 = 97503 + 51165. What is the thousands digit of r?
4
Let n be ((-2)/4 - -1)*(-1 + 25). Suppose 2*y + n = j, 3 + 1 = 2*j + y. Suppose 3*x = -j*